) = -z**3 - z**2. Let n be d(-1). Suppose 2*r - 22 = -n*r. What is the highest common factor of 33 and r?
11
Let s be -2*(-120)/9*3. What is the greatest common factor of s and 40?
40
Suppose -m + 3*i = 0, 5*m = 4*i - 0*i + 22. Calculate the greatest common factor of m and 2.
2
Let z(j) = 3*j**2 - 4*j - 7. Let d be z(-3). What is the greatest common factor of 4 and d?
4
Let j = 45 - 35. Calculate the greatest common factor of j and 40.
10
Suppose -19 = -4*x - z, -2 = 2*x - 3*x - 3*z. Suppose 4*m = x*q + 6, -2*q + 11 = m + 3. Calculate the highest common divisor of m and 6.
2
Let k(h) = -h**2 + 10*h. Let v be k(10). Let b = v - -20. Calculate the greatest common factor of 10 and b.
10
Suppose 0 = -2*r + 4, i - 33 = -2*i - 3*r. Let a(v) = -v**2 + 8*v + 11. Let f be a(i). Suppose -405 = -f*d - d. What is the highest common factor of 15 and d?
15
Let v be (-14)/(-35) - 36/(-10). Let x be 22/v - (-4)/8. What is the greatest common divisor of x and 48?
6
Suppose 5*r + 4*g = 2*g + 21, -5*r = g - 18. Calculate the highest common factor of 15 and r.
3
Let h be 0 + 0/(-2) + 27. What is the greatest common divisor of h and 3?
3
Let w(m) = -11*m - 1. Let x be w(-1). Let a be (-19)/(-2) - (-1)/(-2). Let y be (a/(-6))/((-3)/220). Calculate the greatest common divisor of x and y.
10
Let o(g) = -g**3 + g**2 - 1. Let c be o(-1). Let p be (10 - -2)/(3 - c). Calculate the greatest common factor of 18 and p.
6
Suppose 7*a + 3*b = 4*a + 33, -b - 1 = 0. What is the highest common factor of a and 96?
12
Let i = -22 + 42. Calculate the greatest common divisor of 20 and i.
20
Suppose -2*h = 2*k - 211 - 55, 2*k - 286 = 3*h. Suppose -5*f - k = -522. Suppose -5*i + 2*i + 21 = 0. Calculate the greatest common factor of f and i.
7
Let t(h) = h**3 - 3*h**2 - 3. Let f(c) = -c - 7. Let w be f(-6). Let y = 3 - w. Let g be t(y). Calculate the greatest common divisor of 104 and g.
13
Let h(v) = 7*v + 65. Let a be h(-8). What is the greatest common divisor of 243 and a?
9
Suppose 0 = 5*r + h - 5*h + 90, -r - 29 = -3*h. Let o = 41 + r. Suppose j + 25 = 2*q - 15, 3*q = 4*j + 70. What is the greatest common factor of o and q?
9
Suppose -7 + 17 = l. Calculate the greatest common factor of l and 5.
5
Let t(y) = 3*y**2 - y. Suppose k = b, 0 = -5*k - 0*b - 5*b + 20. Let r be t(k). Calculate the greatest common factor of r and 10.
10
Suppose v - 2*v = -60. Calculate the greatest common factor of 12 and v.
12
Let o = -2 - -4. Let p be (o - -1)*(-2 + 9). Suppose -2*d + 5*y - 4*y + 25 = 0, 2*d - 43 = -5*y. Calculate the greatest common divisor of p and d.
7
Let t be 4/22 + 774/99. Suppose 3 + 5 = 2*m. Calculate the highest common divisor of m and t.
4
Let s(d) = -d**2 + 2*d - 2. Suppose 3*o - 13 = b, o + o - 26 = 5*b. Let g be s(o). Let w be (-4)/(20/51)*g. What is the greatest common divisor of 17 and w?
17
Let j = 3 - -2. Let x(d) = 2 - j - 5*d + d**2 - 2*d**2. Let z be x(-4). Calculate the highest common factor of z and 7.
1
Let p(q) = q**2 + 3*q. Let b be p(-2). Let z be ((-9)/4)/(b/160). Calculate the highest common divisor of 20 and z.
20
Let r be (77/28)/(2/104). What is the greatest common divisor of r and 13?
13
Let y = -11 - -23. Let g = 2 + y. Calculate the highest common divisor of g and 35.
7
Let k(i) = i**2 - 5*i - 5. Let a be k(6). Let p be (-20)/(-1 - (1 - a)). Calculate the highest common factor of 5 and p.
5
Let w = 6 + 0. Let d(m) = m - 8. Let b be d(w). Let i = b + 4. Calculate the highest common divisor of i and 1.
1
Let w be (-2 + 1)*2 + 10. Let q(o) = 7*o**2 - 1. Let t be q(1). Let f(z) = -z**2 + 10*z + 8. Let g be f(t). Calculate the highest common divisor of w and g.
8
Suppose 4*c - 350 = 706. Suppose 3*m - c = 2*m. Suppose -88 = j - m. Calculate the greatest common factor of j and 16.
16
Let j = 90 - 77. What is the greatest common factor of j and 117?
13
Let v(d) = d**3 + d**2 + d + 63. Let f be v(0). Let j = -30 - -43. Let k = -4 + j. What is the greatest common factor of k and f?
9
Let s be (-8)/(-10) + (-1664)/(-20). Let z(r) = 3*r**3 - 4*r**2 + 2*r. Let b be z(2). What is the greatest common factor of s and b?
12
Let a = 115 - 197. Let z be (-8)/32 + a/(-8). What is the highest common divisor of 100 and z?
10
Suppose -10*o = -0*o - 3690. What is the highest common divisor of o and 41?
41
Let f(o) = -5*o - 10. Let s be f(-4). Calculate the highest common factor of s and 35.
5
Let d(b) = 5*b**2 + b + 4. Let h be d(3). What is the greatest common divisor of 130 and h?
26
Let b be 3*(-2)/(-4)*-2. Let z be (-18)/(-8) - b/(-12). Suppose t - 1 - z = 0. Calculate the greatest common divisor of t and 9.
3
Let c be 1*(10 - (0 + -3)). Suppose 2*v - 720 = a, 3*a + 5*v + 2182 = -0*a. Let j be a/(-14) - 4/(-14). Calculate the highest common factor of j and c.
13
Suppose 75 = j + 3*v, j + 3 - 70 = 5*v. Let o(p) be the first derivative of -2*p**2 - 3*p - 2. Let w be o(-3). Calculate the highest common divisor of w and j.
9
Let q = -74 + 137. What is the highest common factor of 7 and q?
7
Let c(l) = -l**3 + 8*l**2 - 6. Let n be c(6). Suppose x = -3*x + 16. Suppose q = -x*q + 30. Calculate the highest common factor of q and n.
6
Suppose -c - 312 = -5*c. What is the greatest common factor of 195 and c?
39
Let w be (-24)/4*(-1)/(1 + 0). Calculate the highest common factor of 12 and w.
6
Suppose -4*f + 7*f - 207 = 0. Suppose -f = 4*t + 4*p - 213, 104 = 3*t + 4*p. What is the highest common factor of t and 5?
5
Suppose 3*q + 4 = 82. Calculate the highest common factor of 117 and q.
13
Suppose u - 375 = -4*u. What is the greatest common factor of 30 and u?
15
Let p be (-42)/(-4 - (-20)/6). Calculate the highest common divisor of p and 9.
9
Let y be -5 + (-2 + 1)*-1. Let i = y + 6. Let b be 6 + i + -1 + -3. Calculate the greatest common divisor of 10 and b.
2
Let g = 19 + -29. Let i = -6 - g. Suppose i*r - 32 = 5*a, -4*a - a - 8 = 4*r. Calculate the greatest common divisor of 6 and r.
3
Let n(s) = 2*s**2 + 5*s - 2. Let l be n(-4). What is the greatest common factor of 80 and l?
10
Suppose 29 = 2*o + 15. Suppose 4*m - 3*q - 40 = 0, 24 = 4*m - 0*q + q. What is the greatest common factor of o and m?
7
Let h(a) = 2*a**3 - 2*a**2 - 3*a - 3. Let s be h(4). What is the highest common factor of s and 9?
9
Let r(j) = j**3 - 11*j**2 + 11*j - 7. Let s be r(10). Suppose 3*x - 8*x + 4*a = -388, s*a = -5*x + 409. What is the highest common divisor of 32 and x?
16
Let z be ((-2)/(-6))/((-11)/(-1650)). Calculate the highest common divisor of z and 25.
25
Let w = 3 - -1. Suppose 4*u - 5*l - 65 = 0, -30 = u - 2*u + w*l. Suppose 10 = 2*c - u. Calculate the greatest common divisor of 15 and c.
5
Suppose w + 2*w = 6, -2*w = -5*z + 996. Calculate the greatest common factor of 25 and z.
25
Let b be 3 - -17*15/3. Let s = -44 + b. What is the greatest common divisor of 11 and s?
11
Suppose -3*h + 2*r + 15 = 0, -2*h - 10 = -4*h - r. Suppose -l = -7 + h. What is the greatest common factor of l and 1?
1
Suppose -3*c = c - 28. What is the highest common divisor of 56 and c?
7
Let w be (-1712)/(-18) - (-20)/(-180). Let n = -50 - -88. Calculate the highest common factor of n and w.
19
Suppose -5*d + 110 = 3*k, -3*d + 9*k - 4*k = -66. Calculate the highest common factor of d and 154.
22
Let l(y) = 3*y. Let x be l(4). Let v be (1 - (-2)/(-1))*3. Let s = x + v. Calculate the greatest common factor of 72 and s.
9
Let n be -12 + 0 - (-2 + 2). Let u = n + 15. Calculate the greatest common divisor of u and 12.
3
Let t(z) = 2*z - 2. Suppose 2 = k - 1. Let m be t(k). What is the highest common factor of 44 and m?
4
Let w be ((-4)/2 + -2)*-10. Calculate the greatest common factor of w and 10.
10
Suppose -5*n = -2*v - 4*n + 5, 2 = -v + 5*n. Let j be 20*-10*v/(-24). Suppose -j = -3*l + 26. What is the highest common divisor of l and 34?
17
Let x be 0/(2*3/6). Suppose x = g - 186 - 100. Calculate the highest common divisor of g and 26.
26
Let r(x) be the second derivative of 12*x**3 + 5*x. Let l be r(1). What is the highest common divisor of l and 9?
9
Let k be -27*-4*(-4)/(-24). Suppose 3*n + x + 0*x = 7, -2*n + 1 = -3*x. Suppose 122 = n*w - 22. What is the highest common factor of w and k?
18
Let o(w) = w**3 - 6*w**2 + 2*w - 4. Let a be o(6). Suppose -3*j = -0*j - 192. Calculate the highest common divisor of a and j.
8